 t*q(p) + 2*w(p). Calculate b(n).
2
Suppose g = -3*g + 24. Let v(x) = 4*x. Let n(o) = 9*o. Let i(y) = g*n(y) - 13*v(y). Suppose 11 = -3*b + 2. Determine i(b).
-6
Let s = -199 + 2389/12. Let h(j) be the second derivative of -s*j**4 + 3*j + 1/2*j**3 + j**2 + 0. Calculate h(2).
4
Let v(t) = -2*t - 9. Let s = -2009 + 2018. Calculate v(s).
-27
Let k(o) = -o**2 + 1. Let r(f) = -6*f**2 - 8*f + 10. Let c(p) = 5*k(p) - r(p). Determine c(-7).
-12
Let a(x) = 3*x**3 - x**2 + 66 - 4*x**3 + 2*x**2 + 5*x**2 + 7*x - 64. What is a(6)?
44
Let w(v) = v**2 + 4. Suppose 13 = 7*z - 22. Let l = z - 2. Give w(l).
13
Let t(k) be the second derivative of k**5/4 - k**4/12 + 2*k**3/3 - k**2 + 11*k - 5. Calculate t(1).
6
Let u(a) = a + 16. Let z be u(-17). Let w(q) = 9*q**2 - q - 2. Give w(z).
8
Let v(o) = -o**3 - 4*o**2 + 9*o + 10. Suppose 0 = -4*y - b - 22, 20*y - 5*b - 35 = 25*y. Give v(y).
-10
Let l(g) = 4*g**3 - g**2 + 7*g. Let w(v) = v**3 + v**2 + v. Let y(z) = l(z) - 3*w(z). Let h(a) = -2*a - 4. Let c = -11 - -7. Let x be h(c). Give y(x).
16
Let f(x) be the third derivative of -1/24*x**4 - 6*x**2 + 0 + 0*x - 1/3*x**3 - 1/12*x**5. Calculate f(-2).
-20
Let j(m) be the second derivative of m**5/2 - m**4/12 - 20*m + 2. What is j(-1)?
-11
Let h(o) be the third derivative of 0 + 0*o - 1/30*o**5 - 1/24*o**4 + 2/3*o**3 - 2*o**2. Let p(k) be the first derivative of h(k). Determine p(-1).
3
Let z(m) = 2*m**3 - 14*m**2 + 9*m + 3. Let c(w) = w**3 - 13*w**2 + 10*w + 1. Let f(v) = 3*c(v) - 2*z(v). Determine f(-12).
-3
Let o be (1/(-3))/(5/(-45)). Let j = -2 + o. Let d = j + -3. Let l(v) = v**2 + 2*v. Give l(d).
0
Let h = 37 + -33. Let b(r) = r**2 - 4*r - 1. Let t(c) = 2*c**2 - 8*c - 2. Let l(w) = h*t(w) - 9*b(w). Calculate l(5).
-4
Suppose 4*w - 3 = 2*b + 3*w, 0 = 3*w - 15. Let n(a) = -34*a**3 + a**2 - 2*a + 1. Calculate n(b).
-34
Let k(n) = -2*n - 8. Suppose -9 + 65 = -8*r. What is k(r)?
6
Let q(l) = 3*l - 3. Let m be (-7)/((-42)/(-4))*-3. Let h be q(m). Suppose 10 + 5 = -h*u. Let f(p) = 2*p + 6. Calculate f(u).
-4
Let s(k) = k**2 - 4*k + 5. Suppose -32 = -3*x - x. Suppose -22*i = -24*i + x. What is s(i)?
5
Let o be 2 - 4 - (-4 - -4 - 4). Let v(u) = u + u - 3 + 3. Give v(o).
4
Let c(a) = -5*a**3 - 12*a**2 + 6*a. Let w(d) = -d**3 - d**2 + d - 1. Let m = 22 - 8. Let p be (-10)/m + 8/(-28). Let n(i) = p*c(i) + 6*w(i). Give n(6).
-6
Let k(z) = z + 11. Let n(h) = -h - 22. Let y be n(-16). Let t = y - -8. Suppose -t*c = -c. Calculate k(c).
11
Let g(i) = -9*i + 9. Suppose 0 = 7*h - 83 + 34. Calculate g(h).
-54
Suppose 0 = c + 5 - 2. Let x(w) = 5*w**2 + 2*w + 3. Determine x(c).
42
Let a = -1162 - -1165. Let b(l) = 2*l**2 - l**2 - 3 + 0*l**2. Determine b(a).
6
Let o(z) = -z**3 + 11*z**2 + 11*z + 17. Suppose -15*y + 117 = -63. Determine o(y).
5
Let o(f) = -15 - f**2 + 15 - 9*f + 12*f. Give o(6).
-18
Let h(d) = -d**3 - d**2 + d + 2. Let f(n) = n**2 + n + 6. Let o be f(0). Suppose o*c = -0*c. Determine h(c).
2
Let k(m) = 10*m + 12 + m + 4*m - 17*m + m. Let s(f) = f**3 - 4*f**2 - f - 6. Let y be s(5). Determine k(y).
-2
Let p(m) = 108*m + 3*m**2 + 2 + 0*m**2 - 107*m. Give p(-3).
26
Suppose -p = 0, -l - 2*p = p - 4. Suppose 3*k + 5*u - 2*u = -6, k = -l*u + 10. Let b(g) = -4*g - 8. Determine b(k).
16
Suppose l - 7 = -6*l. Suppose -3*n = l + 5, -4*i + 2*n = 44. Let p(w) = w**2 + 12*w - 5. Give p(i).
-5
Let l(c) = -4*c**2 - 29 + 2*c + 27 + 3*c + c**3 - 2*c. Let b be 1/(1/(-3)*-1). Give l(b).
-2
Let r = -9 + 4. Let p(o) = 5*o - 3. Let v be (-1)/(4/(-8)*-2). Let h(j) = j. Let g(u) = v*p(u) + 6*h(u). Give g(r).
-2
Let b(q) = -6*q**2 + 13*q + 13. Let y(d) = -4*d**2 + 9*d + 9. Suppose 2*m = 5*m + 3*w + 30, -2*m + 4*w - 2 = 0. Let l(f) = m*y(f) + 5*b(f). Determine l(2).
-2
Let h(z) = 2*z**2 - 5*z - 3. Suppose -7 + 1 = -w - 2*n, 0 = -2*w + 2*n + 6. Suppose -w + 8 = y. Give h(y).
9
Let l(m) = -m. Let g(p) = p**2 + 11*p - 5. Let f(u) = g(u) + 5*l(u). Let q = -86 - -91. Suppose r + 8 = -b, -12*b = -q*r - 11*b - 22. What is f(r)?
-10
Let y(z) = z**2 + 9*z - 2. Suppose 60 = -2*x + 26. Suppose 0 = 3*w - 8 - 10. Let k(m) = 3*m**2 + 26*m - 5. Let p(s) = w*k(s) + x*y(s). Calculate p(-4).
8
Let x(q) = -q**3 - 7*q**2 + q. Suppose 2*g - 36 = -7*g. Suppose 93 = w - g*w. Let r = w - -24. What is x(r)?
-7
Let v(i) be the third derivative of 1/60*i**5 + 1/3*i**3 + 0 + 1/8*i**4 + 0*i + 15*i**2. Let a = 6 + -8. What is v(a)?
0
Let n(s) = 2*s**3 + 2*s**2 - s. Let q be 4/4 - 7/(-1). Suppose 3 = t - q. Let p = 12 - t. What is n(p)?
3
Let s(m) = 89*m**2 + 2*m - 2. Let q = 68 - 67. What is s(q)?
89
Let b(r) = 8 - 17 - 2*r**2 + 10. Let x(f) = -3*f**2 - f + 2. Let a(d) = -5*b(d) + 2*x(d). Determine a(-1).
5
Let n(u) = -3*u - 6. Let b(o) = -o - 1. Let a(i) = -4*b(i) + n(i). Let v(l) = -53 + 30 - 4*l + 31. Let r be v(3). Give a(r).
-6
Let k(j) = 2*j - 56. Let y be k(29). Let s(b) = 6*b + b + b. Calculate s(y).
16
Let c(k) = 2*k. Suppose 20 = 4*r + 4*m + 4, -2*r + m + 8 = 0. Suppose n + r*v = 0, -n - 3*v = -7 + 6. Determine c(n).
8
Let v(l) = l**3 + 6*l**2 + 4*l + 14. Let c be v(-6). Let i(u) = 0 - 3 - u + 2 - 12. What is i(c)?
-3
Let t(z) = -z**2 + 10*z - 10. Let b(f) = -f**2 + 5*f - 8. Let i(m) = -3*b(m) + 2*t(m). Suppose 3*l + 6 = l. Calculate i(l).
-2
Let l(g) = 2 + 0 - 4 - g**3 + 6*g**2 - 3 - 3*g. Let z be (-56)/6 + 2/6. Let q = 13 + z. Give l(q).
15
Let r(m) = 52 - 10*m**3 - 29 - 24. Determine r(1).
-11
Suppose 2*a - 24 = -6*a. Let s(g) = -4*g - 6*g + g - a + 0*g. Give s(-2).
15
Suppose 14 = m + 3. Suppose -j - m = -5*f - 5, -2*j - 2 = 0. Let q(n) = 13*n**2 - n. Give q(f).
12
Let g be 21/14*(0 - -2). Suppose -6 = -2*c, -19 = 4*v - g*c + 6. Let f(r) = r - 3. What is f(v)?
-7
Suppose -9 = 2*v - 1. Let o(i) = -5 - 5 - 2 + i + 8. Determine o(v).
-8
Let u be 33*1/(-7 + 10). Let b(r) = r**3 - 12*r**2 + 11*r - 4. Determine b(u).
-4
Let s(t) = -2*t**3 + 3*t - 2. Let a = -648 + 650. Determine s(a).
-12
Let p(y) be the first derivative of -1/4*y**4 - 2*y + 2 + y**2 - 1/3*y**3. Give p(-3).
10
Let k(j) be the third derivative of -j**4/24 - j**3/6 + 63*j**2. What is k(4)?
-5
Suppose -j + m = -254, -4*j + 2*m - 6*m + 1024 = 0. Let x be j/68 - ((-3)/(-4) - 0). Let d(t) = t**2 - 4*t + 4. Calculate d(x).
1
Let b(n) = -n + 7. Let j(t) = -1. Let z(o) = -b(o) - 2*j(o). What is z(5)?
0
Suppose 3*k + 3*d = d + 49, -3*k - 5*d = -55. Suppose n = -4*n + k. Let l(f) = 5 - n - f + 4 - 5. Determine l(-2).
3
Let x = 83 - 76. Let h(q) = q**2 + 0*q**2 + 0 - 7*q + 1. Determine h(x).
1
Let n(u) = -3*u - 8. Let z be n(-5). Let w(v) = -v**3 - 8*v**2 + 9*v + 1. Let y(o) = -o**3 + o - 1. Let k(d) = w(d) - 2*y(d). Determine k(z).
3
Suppose 4*l - 24 = 4*p, 0 = 4*p - 3*p + 3*l + 26. Let z(u) = -u**3 - 10*u**2 + 9*u - 16. Determine z(p).
6
Let l = 8 - 10. Let w = -4 + l. Let g(a) = -a**2 - 7*a - 9. Give g(w).
-3
Let p(g) = 14*g + 0*g - 3*g. Let d be (4/(-8))/(2/4). What is p(d)?
-11
Let g(o) be the second derivative of o**7/280 + o**6/360 + o**5/120 + o**4/2 - 8*o. Let z(n) be the third derivative of g(n). Give z(-1).
8
Let a(v) = -2*v - 21. Let b(x) = -2*x**3 + 12*x**2 - 3*x + 9. Let u be b(6). What is a(u)?
-3
Let i(v) = v**3 - 13*v**2 - 15*v + 25. Suppose -3*m = 4*p - 62, 0 = 2*m + 18*p - 14*p - 48. Give i(m).
11
Let t be 7/(7/6) + -3. Suppose -t*h - 16 = h. Let w(r) = 3*r**2 + 21*r + 3. Let l(v) = v**2 + 7*v + 1. Let i(u) = 11*l(u) - 4*w(u). Determine i(h).
11
Let j(o) = 7*o**3 + 2*o**2 - 30*o + 0*o - 11*o**3 + 29*o. Suppose 4*r = t + 8, -4*t - 18 = 3*r - 5. What is j(r)?
-3
Let b(t) be the second derivative of 0 - 9*t + 7/6*t**3 - 1/2*t**2. Calculate b(1).
6
Let d(s) = s**3 - 15*s**2 + 13*s + 13. Let i be ((-420)/135)/((-4)/18). Calculate d(i).
-1
Let n(p) = p**2 + 5*p + 7. Let w = -473 + 470. What is n(w)?
1
Let a(d) be the second derivative of 5*d**3/6 + 5*d**2/2 - 6*d - 10. Calculate a(-4).
-15
Let w be (3/9)/(4/12). Let s(p) = 6*p - 12*p + w + 5*p. Determine s(-5).
6
Suppose 8*g + 855 = 679. Let t(b) = -2*b - 38. Determine t(g).
6
Suppose -17 - 11 = 7*j. Let o(n) = n**3 + 2*n**2 - 6*n - 2. Calculate o(j).
-10
Let a be 5*6/(-10)*-1. Let p(h) = 8*h**2 + 1. Let d(v) = 3*v**2. Let n(y) = -11*d(y) + 4*p(y). Determine n(a).
-5
Let y(g) be the first derivative of -g**3/3 - 11*g**2/2 + 8*g + 124. Calculate y(-6).
38
Let i(k) = -3 + 3*k**3 - 10*k**2 + k**2 -